{"id":17,"date":"2019-12-08T17:00:45","date_gmt":"2019-12-08T17:00:45","guid":{"rendered":"https:\/\/kiirga.ch\/?page_id=17"},"modified":"2019-12-23T16:49:34","modified_gmt":"2019-12-23T16:49:34","slug":"startseite","status":"publish","type":"page","link":"https:\/\/kiirga.ch\/","title":{"rendered":"Kiirga"},"content":{"rendered":"\n<div class=\"wp-block-media-text alignwide has-media-on-the-right is-stacked-on-mobile\" style=\"grid-template-columns:auto 17%\"><figure class=\"wp-block-media-text__media\"><img loading=\"lazy\" decoding=\"async\" width=\"799\" height=\"800\" src=\"https:\/\/kiirga.ch\/wp-content\/uploads\/2019\/12\/team2-sw.jpg\" alt=\"\" class=\"wp-image-146\" srcset=\"https:\/\/kiirga.ch\/wp-content\/uploads\/2019\/12\/team2-sw.jpg 799w, https:\/\/kiirga.ch\/wp-content\/uploads\/2019\/12\/team2-sw-300x300.jpg 300w, https:\/\/kiirga.ch\/wp-content\/uploads\/2019\/12\/team2-sw-150x150.jpg 150w, https:\/\/kiirga.ch\/wp-content\/uploads\/2019\/12\/team2-sw-768x769.jpg 768w\" sizes=\"auto, (max-width: 799px) 100vw, 799px\" \/><\/figure><div class=\"wp-block-media-text__content\">\n<p class=\"has-drop-cap has-medium-font-size\"> Drei Freunde an einem Abend im Sommer. Die Strahlen der untergehenden Sonne bahnen sich ihren Weg durch  die knorrigen \u00c4ste der alten B\u00e4ume im Garten.<\/p>\n\n\n\n<p class=\"has-drop-cap has-medium-font-size\">Eine Idee w\u00e4chst wie nat\u00fcrlich wie nat\u00fcrlich zu einem Produkt das Traditionelles mit Modernem verbindet. KiiragLog \u2013 Die Verschmelzung von Licht mit Natur.<\/p>\n<\/div><\/div>\n","protected":false},"excerpt":{"rendered":"<p>Drei Freunde an einem Abend im Sommer. Die Strahlen der untergehenden Sonne bahnen sich ihren Weg durch die knorrigen \u00c4ste der alten B\u00e4ume im Garten. Eine Idee w\u00e4chst wie nat\u00fcrlich wie nat\u00fcrlich zu einem Produkt das Traditionelles mit Modernem verbindet. KiiragLog \u2013 Die Verschmelzung von Licht mit Natur.<\/p>\n","protected":false},"author":3,"featured_media":66,"parent":0,"menu_order":0,"comment_status":"closed","ping_status":"closed","template":"","meta":{"footnotes":""},"class_list":["post-17","page","type-page","status-publish","has-post-thumbnail"],"_links":{"self":[{"href":"https:\/\/kiirga.ch\/index.php\/wp-json\/wp\/v2\/pages\/17","targetHints":{"allow":["GET"]}}],"collection":[{"href":"https:\/\/kiirga.ch\/index.php\/wp-json\/wp\/v2\/pages"}],"about":[{"href":"https:\/\/kiirga.ch\/index.php\/wp-json\/wp\/v2\/types\/page"}],"author":[{"embeddable":true,"href":"https:\/\/kiirga.ch\/index.php\/wp-json\/wp\/v2\/users\/3"}],"replies":[{"embeddable":true,"href":"https:\/\/kiirga.ch\/index.php\/wp-json\/wp\/v2\/comments?post=17"}],"version-history":[{"count":24,"href":"https:\/\/kiirga.ch\/index.php\/wp-json\/wp\/v2\/pages\/17\/revisions"}],"predecessor-version":[{"id":222,"href":"https:\/\/kiirga.ch\/index.php\/wp-json\/wp\/v2\/pages\/17\/revisions\/222"}],"wp:featuredmedia":[{"embeddable":true,"href":"https:\/\/kiirga.ch\/index.php\/wp-json\/wp\/v2\/media\/66"}],"wp:attachment":[{"href":"https:\/\/kiirga.ch\/index.php\/wp-json\/wp\/v2\/media?parent=17"}],"curies":[{"name":"wp","href":"https:\/\/api.w.org\/{rel}","templated":true}]}}